(d) = -d**3 + 323*d**2 + 52*d + 194366. Give c(325).
16
Let t(m) = -8*m**2 - 6857*m - 179316. Calculate t(-27).
-9
Let c(q) = -17*q**3 - 4*q**2 - 31*q - 35. Determine c(-3).
481
Let r(m) = 8*m**2 + 403*m + 2707. What is r(-8)?
-5
Let n(z) = 1922*z - 57874. Give n(30).
-214
Let g(a) = -13017*a + 104228. Determine g(8).
92
Let u(s) = -s**2 + 60*s + 2076. Give u(83).
167
Let o(f) = -3*f**2 - 1186*f + 94467. What is o(68)?
-53
Let z(s) = -2*s**2 - 109*s + 184. Calculate z(-67).
-1491
Let u(f) = -40*f + 4210. Calculate u(83).
890
Let y(n) = -3*n**3 - 285*n**2 + 356*n + 6495. Calculate y(-96).
-33
Let p(a) = -118*a**2 - 35045*a + 280. Calculate p(-297).
-17
Let n(y) = -1326*y + 978. What is n(2)?
-1674
Let c(f) = -820*f + 10348. Give c(11).
1328
Let m(v) = -106*v + 3537. Give m(-13).
4915
Let t(l) = l**2 + 2003*l - 1040462. Calculate t(428).
6
Let l(k) = -k**3 - 260*k**2 - 8979*k + 38. What is l(-41)?
38
Let n(k) = 2*k**3 - 916*k**2 + 4539*k - 4074. Determine n(453).
3
Let r(s) = 134*s + 958. Give r(-4).
422
Let n(h) = 1780*h - 11380. What is n(8)?
2860
Let j(q) = -18*q**3 - 37*q**2 + 238*q + 457. Calculate j(-2).
-23
Let s(k) = 3*k**3 - 6*k**2 - 1324*k - 5131. Give s(-4).
-123
Let s(k) = 4*k**3 + 1713*k**2 + 74664*k + 390. Give s(-379).
11
Let o(r) = -31*r**2 - 40374*r + 24756. What is o(-1303)?
-1
Let r(b) = -4*b**2 - 14180*b + 256517. Give r(18).
-19
Let b(l) = 7*l**2 + 89*l - 9105. Give b(-43).
11
Let x(h) = h**3 - 39*h**2 - 6809*h + 63740. Give x(9).
29
Let k(g) = -35*g**3 - 131*g**2 + 109*g + 375. Calculate k(-4).
83
Let p(x) = 2*x**2 - 2601*x - 15677. Give p(-6).
1
Let f(n) = 390023*n - 3900252. Give f(10).
-22
Let v(o) = -720*o - 64795. Give v(-90).
5
Let n(s) = 2*s**3 + 308*s - 927. Determine n(3).
51
Let j(w) = 43*w**2 + 11*w - 605. Determine j(4).
127
Let p(l) = -l**2 + 6655*l - 211866. Determine p(32).
70
Let a(n) = 2*n**2 + 178*n + 3562. Determine a(-22).
614
Let o(r) = -16*r**2 - 885*r + 596. Calculate o(-56).
-20
Let a(b) = 16*b**3 + 117*b**2 + 39*b + 67. Calculate a(-7).
39
Let m(s) = -245*s - 37420. Calculate m(-153).
65
Let y(v) = -v**2 + 188*v - 5156. Determine y(29).
-545
Let r(x) = 16*x**3 + 75*x**2 + 9*x - 21. Determine r(4).
2239
Let d(p) = 4*p**2 + 177*p - 4886. Give d(20).
254
Let l(c) = 12797*c - 38393. What is l(3)?
-2
Let g(b) = -299*b**2 - 21830*b - 274. Calculate g(-73).
-55
Let w(n) = 144*n**2 + 2185*n + 405. Give w(-15).
30
Let l(x) = 8*x**3 - 13*x**2 - 338*x + 18. Calculate l(-6).
-150
Let b(z) = z**3 + 14*z**2 - 119*z - 564. What is b(9)?
228
Let f(k) = 5*k**2 - 29405*k - 147044. Give f(-5).
106
Let x(h) = -3866*h + 46577. Determine x(12).
185
Let q(l) = -l**3 - 74*l**2 + 162*l - 5303. What is q(-77)?
10
Let t(s) = s**3 - 9*s**2 + 156*s + 2343. What is t(-8)?
7
Let o(c) = -2*c**2 + 316*c - 5260. Calculate o(139).
22
Let k(a) = 259*a - 26102. Give k(101).
57
Let n(x) = 12695*x - 63509. Give n(5).
-34
Let m(k) = -k**3 - 108*k**2 - 1092*k - 131135. What is m(-109)?
-226
Let s(l) = -8*l**3 - 5*l**2 + 57*l + 22. What is s(6)?
-1544
Let o(a) = 7*a**3 + 3704*a**2 + 520*a - 4772. What is o(-529)?
-11
Let s(k) = 138*k + 17816. Determine s(-130).
-124
Let s(o) = -10*o**3 + 250*o**2 - 4*o + 64. Give s(25).
-36
Let g(w) = 2715*w - 151746. What is g(56)?
294
Let w(c) = 266*c**2 - 1228*c - 70. Give w(5).
440
Let c(k) = -k**3 + 134*k**2 + 2741*k - 838. Give c(152).
-78
Let p(m) = -m**2 + 23668*m - 1980911. What is p(84)?
145
Let c(m) = -30*m**2 - 5276*m + 42199. Give c(8).
-1929
Let l(j) = 15719*j + 125561. Determine l(-8).
-191
Let w(q) = 3*q**3 + 87*q**2 - 309*q + 141. Calculate w(-33).
-2730
Let h(u) = 95*u**3 - 1279*u**2 + 570*u + 10. Determine h(13).
-16
Let n(a) = 26*a**3 + 1479*a**2 - 168*a + 127. Determine n(-57).
-44
Let y(x) = 3*x**3 + 53*x**2 - 25*x + 56. What is y(-6)?
1466
Let k(j) = -13*j**2 + 91*j - 146. Give k(9).
-380
Let k(p) = -224*p + 5211. What is k(23)?
59
Let n(u) = u**2 + 159*u + 3124. Determine n(-136).
-4
Let j(g) = g**3 - 42*g**2 - 174*g - 430. Give j(46).
30
Let y(h) = -h**3 - 7*h**2 + 111*h + 49. Determine y(8).
-23
Let m(o) = -73*o**2 - 1995*o - 1916. Determine m(-1).
6
Let x(h) = -h**2 + 9977*h - 16570555. What is x(2105)?
5
Let d(f) = -118*f + 137. Give d(0).
137
Let v(q) = -70*q - 4657. Calculate v(-66).
-37
Let z(p) = -904*p + 66727. Calculate z(73).
735
Let a(k) = -1432*k + 271. Calculate a(2).
-2593
Let f(d) = -126880*d - 1903207. Calculate f(-15).
-7
Let q(v) = -5*v**3 - 198*v**2 - 119*v - 113. What is q(-39)?
-35
Let v(x) = x**3 + 95*x**2 - 8873*x + 109. Give v(58).
167
Let o(l) = -7793*l - 70107. Determine o(-9).
30
Let z(p) = p**2 + 3597*p - 86958. Calculate z(24).
-54
Let j(d) = 5079*d + 330101. Calculate j(-65).
-34
Let j(l) = 3*l**3 - 114*l**2 - 9*l - 23. Determine j(38).
-365
Let h(v) = -358733*v - 1793663. What is h(-5)?
2
Let q(f) = -4*f**3 - 50*f**2 + 7791*f - 4370. Calculate q(38).
0
Let g(d) = 110*d - 1811. Determine g(24).
829
Let a(i) = 242*i + 72451. Calculate a(-301).
-391
Let i(l) = -48*l**2 + 1287*l - 2599. Determine i(2).
-217
Let m(z) = -z**3 - 7*z**2 + 339*z - 1553. Give m(6).
13
Let v(c) = -219*c**2 + 40*c + 81. Give v(2).
-715
Let l(d) = -829*d - 12927. Calculate l(-17).
1166
Let n(w) = 6*w**3 + 623*w**2 - 1379*w - 152. Give n(-106).
-46
Let g(n) = -405398*n - 7702576. Give g(-19).
-14
Let k(b) = -b**2 - 7150*b + 832. Give k(0).
832
Let k(s) = -s**3 - 122*s**2 - 170*s - 5962. Determine k(-121).
-33
Let q(c) = -c**3 + 196*c**2 + 9*c - 137. What is q(196)?
1627
Let x(p) = -293*p - 8143. Give x(-28).
61
Let y(g) = 124*g + 5173. What is y(-35)?
833
Let y(s) = 5508*s - 1845158. Calculate y(335).
22
Let q(k) = 507*k + 6134. Calculate q(-12).
50
Let x(t) = 432*t - 15128. Give x(35).
-8
Let n(d) = -3534*d**2 - 296854*d + 148. What is n(-84)?
-20
Let i(k) = -1000*k - 4997. Give i(-5).
3
Let a(w) = -w**3 - 69*w**2 - 225*w - 866. Calculate a(-66).
916
Let f(s) = s**3 - 20*s**2 + 719*s - 12282. Calculate f(18).
12
Let p(h) = -5*h**3 + 138*h**2 + 25*h - 35. What is p(28)?
-903
Let n(o) = 7*o**2 - 604*o + 3889. Give n(7).
4
Let c(m) = m**2 - 7402*m - 88966. What is c(-12)?
2
Let j(z) = 93376*z - 45847614. Determine j(491).
2
Let w(b) = b**3 + 80*b**2 - 707*b + 379. Determine w(-88).
643
Let a(z) = 3*z**3 - 35*z**2 - 64*z - 421. Calculate a(14).
55
Let v(d) = -2*d**3 + 75*d**2 + 187*d - 2112. Calculate v(39).
618
Let s(o) = -2104*o - 75697. Determine s(-36).
47
Let j(d) = -d**3 + 38*d**2 - 523*d + 17993. Calculate j(37).
11
Let p(q) = -q**3 + 535*q**2 + 26729*q - 1748. Determine p(581).
-5
Let b(p) = -30872*p + 246925. Give b(8).
-51
Let s(b) = -110*b**3 - 84*b**2 - 259*b - 6. Give s(-3).
2985
Let m(b) = b**3 - 20*b**2 + 46*b - 357. Give m(25).
3918
Let m(g) = -74*g**3 + 668*g**2 + 8*g. Calculate m(9).
234
Let o(s) = -s**3 + 3*s**2 + 400*s - 1241. Give o(3).
-41
Let s(q) = -q**3 - 17*q**2 + 120*q - 142. Determine s(4).
2
Let i(y) = -4991*y + 957491. Give i(192).
-781
Let v(k) = -515*k + 64375. What is v(125)?
0
Let k(j) = -219*j - 3069. Determine k(-12).
-441
Let g(p) = -234262*p - 2576859. Give g(-11).
23
Let d(y) = -11*y**2 - 1756*y + 855. Give d(-160).
215
Let f(n) = n**3 - 13*n**2 + 3864*n - 46243. Give f(12).
-19
Let u(o) = 172161*o - 16. Determine u(0).
-16
Let p(o) = 9*o**3 - 2*o**2 - 111590*o - 111588. Give p(-1).
-9
Let j(t) = 2*t**3 + 158*t**2 - 5259*t + 1481. What is j(25)?
6
Let f(r) = 12671*r + 152059. Give f(-12).
7
Let c(g) = 6*g**3 - 21*g**2 + 1628*g - 1609. Calculate c(1).
4
Let q(p) = 5153*p - 396782. Determine q(77).
-1
Let z(s) = -3*s**3 - 735*s**2 - 1436*s + 5585. Give z(-243).
239
Let r(u) = -19*u + 1287. Determine r(14).
1021
Let t(f) = 57*f**3 + 107*f**2 + 7*f + 19. What is t(-4)?
-1945
Let n(d) = -6280*d + 1387885. What is n(221)?
5
Let u(w) = -2*w**3 + 552*w**2 + 4541*w + 792. What is u(284)?
-60
Let a(i) = 449*i - 62707. What is a(143)?
1500
Let v(g) = -13*g**2 - 211*g - 682. Determine v(-4).
-46
Let x(j) = 9418*j**2 - 47020*j - 2. Determine x(5).
348
Let x(v) = 2*v**3 - 249*v**2 + 120*v + 488. Determine x(124).
-8
Let g(v) = 2963*v**2 + 124*v + 11. Give g(-1).
2850
Let h(w) = -14355*w + 87097. Calculate h(6).
967
Let g(m) = m**3 - 123*m**2 + 3402*m + 55. Determine g(81).
55
Let m(g) = -g**3 + 23*g**2 + 841*g + 53. Give m(43).
-764
Let b(f) = -2*f**3 - 16